te the remainder when (-21 - -15)*7/(-2) is divided by g.
9
Let u(y) = 2*y**2 - 7*y + 175. Calculate the remainder when u(24) is divided by 116.
115
Let u = -172 - -356. Calculate the remainder when u is divided by 17.
14
Suppose 0 = -3*q + q - 4*b + 106, -3*q = 3*b - 156. Suppose -5*g + 5*u + 750 = 0, 4*u - 230 = -5*g + 529. What is the remainder when g is divided by q?
49
Let k(o) = 8*o**2 + 10*o - 25. Calculate the remainder when k(-4) is divided by 26.
11
Let v = -207 + 216. Calculate the remainder when ((-4)/2)/(10/(-75)) is divided by v.
6
Let f(j) = 2*j**3 - 5*j**2 + 4*j - 4. Let q = -34 + 37. What is the remainder when 66 is divided by f(q)?
15
Let u = 903 + -829. What is the remainder when 223 is divided by u?
1
Let g be (-45)/(-30)*16/6. Suppose h - 26 = 3*h - g*q, h + 1 = -q. Calculate the remainder when (-44)/(-5) - h/25 is divided by 3.
0
Let p = -4 + 8. Suppose y = 29*j - 24*j - 20, 4*j = y + 15. What is the remainder when j is divided by p?
1
Let y = 452 - 244. Let m(d) = d**3 + 28*d**2 + 30*d + 85. Let o be m(-27). Suppose 4*h = o*s - y, h = 5*h. Calculate the remainder when s is divided by 27.
25
Let g = -19 - -35. Let f(w) be the first derivative of 5*w**3 + w**2 - 3*w - 5. What is the remainder when f(2) is divided by g?
13
Let x = 520 - 509. Let q(i) = -2*i**2 - 13*i - 23. Let h(s) = 3*s**2 + 25*s + 47. Let p(a) = 3*h(a) + 5*q(a). Calculate the remainder when p(x) is divided by 8.
7
Let q = 13 + -3. Suppose -4*b - 2*v = -22, -q = -b - 3*v - 2*v. Suppose 2 - 7 = c, c = -b*x + 110. What is the remainder when x is divided by 6?
5
Suppose 2*w + 2*w - 5*g = 2, -5*g - 6 = -2*w. Let x = 11 + w. Suppose 5*m + 15 = 5*b, 3*m = -4*m + 2*m. Calculate the remainder when x is divided by b.
0
Suppose -b - 5*w = 15, -b + 3*b = -2*w - 14. Let s = b + 8. What is the remainder when (-5)/(-2)*(-5 + (-198)/(-30)) is divided by s?
1
Suppose -7*o = -9*o + 34. What is the remainder when 80 is divided by o?
12
Let a be (-2 - (-7)/2)*6. Suppose -a = -2*q + v + 5, -5*q = -v - 41. Suppose i - q - 19 = 0. What is the remainder when i is divided by 10?
8
Suppose -2*t = -4*t - 5*c + 426, -5*t + c + 1092 = 0. What is the remainder when t is divided by 58?
44
Let n(v) = -v**3 - 10*v**2 + 14*v + 51. What is the remainder when 48 is divided by n(-11)?
12
Let r = -3 + 8. Suppose 0 = -5*a + 2*w - 28, r*w + 0 - 1 = a. Calculate the remainder when 80 is divided by ((-18)/4)/(1/a).
26
Let f = -420 + 432. Calculate the remainder when 779 is divided by f.
11
Suppose 108 = -23*b + 19*b. Let l(d) = -d - 9. Calculate the remainder when 86 is divided by l(b).
14
Let x = 251 + -237. Calculate the remainder when 69 is divided by x.
13
Calculate the remainder when -5 - (-33)/(132/2800) is divided by 41.
39
Let j(a) = a**3 - 20*a**2 - 20*a - 9. Let i be 170/8 + (-1)/4*1. Calculate the remainder when 117 is divided by j(i).
9
Let d(y) = y. Let m(n) = 6*n - 1. Let r(c) = 5*d(c) - m(c). What is the remainder when 15 is divided by r(-5)?
3
Let s be (-1)/8 - (-1 + 365/(-40)). Suppose 0 = -2*m + 4*t + 4, m - 9 = 4*t - 9*t. Let q = s - m. What is the remainder when 23 is divided by q?
5
Let p(w) = -w**3 - 5*w**2 - 8*w - 13. Let u(t) = 5*t**3 + t**2 + t + 1. Let h be u(-1). Calculate the remainder when (-1)/1 + -1 + 12 is divided by p(h).
1
Let k(o) = 19*o - 763. Calculate the remainder when 413 is divided by k(41).
13
Suppose 2*f - 154 - 168 = 0. Calculate the remainder when f is divided by 18.
17
Let a(z) = 259*z**3 - z**2 + 2*z - 2. Calculate the remainder when a(1) is divided by 13.
11
Let k(y) = 3*y**2 - 7*y + 10. Let g(a) = a**2 - 14*a + 17. Let v be g(10). Let m = -19 - v. What is the remainder when k(m) is divided by 8?
6
Let d(m) = 5*m**2 + 18*m - 92. Calculate the remainder when d(4) is divided by 1278/81 + 4/18.
12
Let f = 16 + -25. Let h = f - -14. Suppose -4*b + 30 + 27 = 3*u, h*b - 80 = -2*u. What is the remainder when 71 is divided by b?
17
Suppose -7*s + 8*s - 35 = -5*w, 5*s + w - 199 = 0. What is the remainder when 54 is divided by s?
14
Let i be (-114)/(-22) + 6/(-33). Suppose i*l - l = 168. Suppose 4*b = -11 + 55. Calculate the remainder when l is divided by b.
9
Let a(w) = 9*w + 2. Calculate the remainder when a(9) is divided by -3 + (13 - (-14 - -7)).
15
Let q(a) = -a**2 - 10*a + 6. Let j be q(-6). Let g be (-2 - 0)*((-148)/8 + 5). Let p = j - g. Calculate the remainder when 11 is divided by p.
2
Calculate the remainder when 97 is divided by (-132)/(-72)*(-9 - -21).
9
Let s(q) = 2*q**2 + 26*q - 19. Let o be s(-14). Suppose 21*a - 20*a = o. Suppose b - 5*b = -104. What is the remainder when b is divided by a?
8
Calculate the remainder when (-76)/(-6) + 1/3 is divided by (5 - 39/(-9))*7/(84/9).
6
Suppose 4*q + 7*q = 3817. What is the remainder when q/3 - ((-39)/9 + 5) is divided by 13?
11
Suppose 0 = 3*q + y + 115, 2*q + y + 95 = 4*y. Let l = -15 - q. What is the remainder when l is divided by -1*(-16 - 6/(-3))?
11
Suppose 3*j = -5 + 23. Let p = 16 - j. Let l = p + 35. Calculate the remainder when l is divided by 23.
22
Suppose 34 = 2*x - 4*j, -3*x + 12 + 34 = -j. Calculate the remainder when 101 is divided by x.
11
Suppose 101 = 3*p - x, x = -4*p - 4*x + 160. Calculate the remainder when (-1238)/(-10) + (-28)/p is divided by 9.
6
Suppose 0*z = -5*h - 3*z + 186, -3*h = 3*z - 114. Let p = 56 - h. Calculate the remainder when p is divided by 1178/152 + (-1)/(-4)*-3.
6
Let m = -12 + 9. Calculate the remainder when 61 is divided by ((-3)/(-6))/(m/384*-2).
29
Suppose -2*m + 4*u - 319 = -945, 3*m = 2*u + 951. What is the remainder when m is divided by 106?
1
Suppose 4*p + 3*h - 322 = h, 4*h - 63 = -p. What is the remainder when p is divided by 19?
7
Let m(i) = 11*i**2 + 25*i + 6. What is the remainder when 115 is divided by m(-3)?
25
Suppose 5*d - 166 = -a - 3*a, -2*d = 5*a - 80. Calculate the remainder when 238 is divided by d.
28
Suppose 0 = j - 3*j + 18. What is the remainder when -2 - 7 - 192/(-4) is divided by j?
3
Let p(h) = h**3 - 3*h**2 + 6*h - 15. What is the remainder when p(4) is divided by 13?
12
Suppose 0 = -4*l - 2*r + 220, l - 5*r = 5*l - 220. What is the remainder when l is divided by 33?
22
Let f(c) = 31*c - 4. Let n be f(8). Let k = n + -472. Calculate the remainder when (k/15)/(4/(-10)) is divided by 10.
8
Let v = -99 + 149. What is the remainder when v is divided by (-81)/(-3) - 3/3?
24
Suppose -15*n + 27*n - 73 = 59. Suppose -3*v - 41 = -4*v. Calculate the remainder when v is divided by n.
8
Suppose q = -4*q + 120. Suppose -5*z + 60 = s, 8 = -4*s - 12. Calculate the remainder when q is divided by z.
11
Let q(v) be the first derivative of 2/3*v**3 - 4*v - 12 - 4*v**2. What is the remainder when 59 is divided by q(6)?
19
What is the remainder when 583 is divided by (-26)/299 + (-301)/(-23)?
11
Suppose 3*z - 138 = d, -86*z - 5*d + 62 = -85*z. Let b = 114 + -25. Calculate the remainder when b is divided by z.
42
Calculate the remainder when (-2874)/(-9) + -2 + 2/(-6) is divided by 40.
37
Let w(t) be the third derivative of t**5/60 + t**4/24 - t**3/6 - 6*t**2. Let n = 21 + -13. What is the remainder when w(-6) is divided by n?
5
Suppose 19*n = 21*n - 30. Suppose n = 6*g - g. Suppose p = 4*b - 99, -g*b + p = -p - 68. What is the remainder when b is divided by 7?
5
Let h(g) = 13*g + 20. What is the remainder when h(8) is divided by 33?
25
Let u(y) = -5*y + 9. Let o be u(7). Let l = 42 + o. Calculate the remainder when 63 is divided by l.
15
Suppose 0 = 3*b + 2*c - 1, -c - c + 7 = 5*b. Suppose -3*h = -0*h - t - 218, 224 = b*h - 4*t. What is the remainder when h is divided by 28?
16
Suppose -38 = -5*q + 2. Suppose 5*p + 5*u - 70 - 165 = 0, 3*u + 47 = p. What is the remainder when p is divided by q?
7
Let a(m) = -m**2 + 16*m + 27. What is the remainder when a(15) is divided by 11?
9
Suppose 3*l - 4*u = 38, 2*l - 4*u - 24 + 0 = 0. Let r(g) = 3*g**2 + 14*g + 62. What is the remainder when r(-5) is divided by l?
11
Calculate the remainder when 31/(-434) + (-2649)/(-42) is divided by 18.
9
Let d be 0/2 + (2 - (5 - 5)). Suppose a + 5*g - 4 = -d*a, 4*a = -4*g + 16. Calculate the remainder when 9 is divided by a.
1
Let s(b) = 24*b - 12. Let f be s(4). Suppose -24 + f = 4*t. What is the remainder when 59 is divided by t?
14
Suppose 0*m - m = 0, 3*x - 90 = 5*m.